site number?
True
Is 8557253457 a prime number?
False
Is 75491653 prime?
False
Is 4858157001 prime?
False
Is 316097647 a prime number?
True
Is 257611903 a composite number?
False
Is 869605973 prime?
True
Is 15574565293 prime?
False
Is 5784495247 composite?
False
Is 26293655845 prime?
False
Is 4752164341 composite?
True
Is 10271611373 a prime number?
True
Is 952281229 a composite number?
True
Is 43113358963 composite?
True
Is 75002887 prime?
False
Is 699053939 a prime number?
False
Is 203305231 composite?
True
Is 101561051203 composite?
False
Is 23838799289 prime?
False
Is 4754734141 composite?
False
Is 90706026871 a prime number?
True
Is 5201430781 composite?
True
Is 651369389 composite?
True
Is 3898604753 a prime number?
False
Is 601552271 composite?
False
Is 35759062985 composite?
True
Is 17394903137 a prime number?
False
Is 26975700457 a prime number?
False
Is 3907155335 a composite number?
True
Is 51047837873 prime?
True
Is 4941755003 a composite number?
False
Is 3763813519 a composite number?
False
Is 62053514087 a prime number?
False
Is 7706792757 composite?
True
Is 401561483 a prime number?
True
Is 287514581 a prime number?
False
Is 422162891 a composite number?
False
Is 146040708829 composite?
False
Is 11442044843 a prime number?
True
Is 299585471 composite?
False
Is 155428391 a composite number?
False
Is 3636625871 a composite number?
False
Is 104257236461 composite?
True
Is 22032113371 a prime number?
False
Is 6705482897 composite?
False
Is 12394385503 a composite number?
False
Is 8545785229 a composite number?
False
Is 17121409489 composite?
True
Is 3038071483 composite?
True
Is 118581290167 prime?
False
Is 849264795239 a prime number?
False
Is 65123450297 composite?
False
Is 2951193395 composite?
True
Is 183617167 a composite number?
False
Is 14358879157 prime?
False
Is 7984597235 composite?
True
Is 568855409 prime?
True
Is 163803327 composite?
True
Is 18638525239 prime?
False
Is 74469839903 a composite number?
True
Is 247930655197 composite?
True
Is 1696477487 a prime number?
False
Is 1761068441 a composite number?
True
Is 142321831511 composite?
False
Is 59795968841 a prime number?
False
Is 1874805767 a composite number?
True
Is 1227461941 a composite number?
True
Is 467526161 a prime number?
True
Is 3815372839 a prime number?
True
Is 422396797 prime?
True
Is 837314051 a composite number?
True
Is 56413283 composite?
True
Is 2031473683 a composite number?
True
Is 1165529221 a composite number?
True
Is 11658472121 a prime number?
False
Is 54388627971 prime?
False
Is 633489863 composite?
False
Is 366256379 a prime number?
False
Is 5217408361 composite?
True
Is 3035290331 prime?
True
Is 1832194937 prime?
False
Is 2167846783 prime?
False
Is 1281333349 prime?
False
Is 4090261583 a composite number?
True
Is 38489248867 prime?
False
Is 13586288923 composite?
False
Is 4123541963 a composite number?
False
Is 173594587 a prime number?
True
Is 258161861 a prime number?
True
Is 392660153 a prime number?
True
Is 13621728433 composite?
False
Is 6129604961 composite?
True
Is 28024083601 a prime number?
True
Is 11999188177 composite?
False
Is 954779167 composite?
True
Is 293320883 a prime number?
True
Is 2918320577 prime?
True
Is 5302603393 a composite number?
True
Is 8207083579 a prime number?
False
Is 4800478519 a composite number?
False
Is 159889533553 composite?
False
Is 39920330885 composite?
True
Is 110366430613 prime?
True
Is 16509190793 a prime number?
False
Is 1288627433 prime?
True
Is 21769608611 a prime number?
False
Is 395871121 prime?
True
Is 37178154203 composite?
False
Is 5404293469 prime?
False
Is 630156743 composite?
False
Is 425938402 composite?
True
Is 1526411 prime?
True
Is 22399483513 a composite number?
True
Is 5250743137 prime?
False
Is 2283440927 composite?
True
Is 10580793721 prime?
True
Is 3478155073 composite?
False
Is 10406201521 a prime number?
False
Is 14051862059 a prime number?
True
Is 412966327 composite?
False
Is 29284933 a composite number?
True
Is 9290081849 composite?
False
Is 16313978437 a prime number?
True
Is 169716707819 a composite number?
False
Is 388320463 a prime number?
True
Is 28270177697 prime?
True
Is 418868837 a prime number?
False
Is 12706527293 composite?
False
Is 57746903657 composite?
False
Is 40022266741 a prime number?
True
Is 11035211207 prime?
False
Is 75026389523 prime?
False
Is 6276081907 composite?
False
Is 353731043 composite?
False
Is 19741792657 a prime number?
False
Is 261009191 a prime number?
True
Is 3376139695 prime?
False
Is 11841224357 a composite number?
False
Is 6124725967 prime?
True
Is 2406464389 composite?
True
Is 236000235253 a composite number?
False
Is 2361172879 composite?
True
Is 1958303141 prime?
True
Is 1112273713 prime?
True
Is 1347418609 a prime number?
True
Is 60580811 prime?
False
Is 2832859 prime?
False
Is 1373446867 composite?
True
Is 153273667891 prime?
False
Is 549127333 composite?
True
Is 49897147 prime?
True
Is 74383163 a composite number?
True
Is 13169732663 prime?
True
Is 2847821237 a prime number?
True
Is 295527293 composite?
False
Is 119722571 composite?
False
Is 49511481505 composite?
True
Is 41815996631 a prime number?
False
Is 10025274359 a prime number?
True
Is 27940092853 a prime number?
False
Is 4635740699 a composite number?
True
Is 3258546703 a composite number?
False
Is 47357959 a prime number?
False
Is 2526613189 prime?
True
Is 16839666007 composite?
True
Is 35330445847 a composite number?
False
Is 410118959 prime?
True
Is 35855002301 composite?
False
Is 5800665413 a prime number?
True
Is 325376071 prime?
True
Is 14280048349 composite?
True
Is 196655117683 a prime number?
False
Is 5509488286 composite?
True
Is 120775619 prime?
True
Is 8162071751 composite?
True
Is 15861789011 prime?
True
Is 26730239 a composite number?
True
Is 3176430409 prime?
True
Is 309470477 prime?
True
Is 255229725767 a prime number?
False
Is 5709663961 a prime number?
False
Is 21112643605 composite?
True
Is 8269030243 a prime number?
False
Is 15901576073 composite?
False
Is 2816252161 composite?
False
Is 927347983 a prime number?
False
Is 157903819 a prime number?
True
Is 406218223 a composite number?
False
Is 10056248033 a composite number?
True
Is 156925871 a prime number?
True
Is 13695924491 composite?
True
Is 218902039 prime?
False
Is 135650433239 prime?
True
Is 381917611 a composite number?
True
Is 3338674037 composite?
True
Is 616489651 prime?
True
Is 7063985913 composite?
True
Is 369729733 prime?
False
Is 14870510141 prime?
True
Is 1276909891 prime?
False
Is 5814864911 a composite number?
True
Is 6095825501 prime?
False
Is 7349471219 composite?
False
Is 13156372687 prime?
True
Is 17755849851 composite?
True
Is 1382631893 composite?
False
Is 10358810699 prime?
False
Is 2757442877 composite?
True
Is 2245203487 composite?
False
Is 438862037 composite?
True
Is 2897298955 a prime number?
False
Is 27841293021 composite?
True
Is 320061386 a composite number?
True
Is 4359569677 prime?
True
Is 578610949 a composite number?
True
Is 115923664469 a composite number?
False
Is 108207013 composite?
False
Is 1774398911 a composite number?
False
Is 1473325489 a prime number?
True
Is 3247274567 a composite number?
True
Is 22280728793 composite?
True
Is 26020811 composite?
True
Is 13506253441 a prime number?
True
Is 4222715461 a prime number?
False
Is 380975129 a prime number?
True
Is 42561445363 a prime number?
False
Is 4307607023 composite?
False
Is 1903219033 a prime number?
True
Is 270600181 a prime number?
True
Is 33772406989 composite?
False
Is 981020353 composite?
True
Is 2481299803 a prime number?
False
Is 3757427419 composite?
True
Is 1308654361 a prime number?
False
Is 62245327 a prime number?
True
Is 7372729579 composite?
True
Is 22364423657 a composite number?
True
Is 11898350323 a composite number?
False
Is 10762221403 prime?
True
Is 99273733 prime?
False
Is 49033489 a prime number?
False
Is 235786517 a composite number?
False
Is 5886471343 a prime number?
False
Is 2377896949 a prime number?
False
Is 3519033319 composite?
True
Is 317405314769 a composite number?
True
Is 6131764069 composite?
True
Is 814091479 prime?
True
Is 25198492661 a composite number?
True
Is 6050817389 prime?
True
Is 10137273331 a prime number?
True
Is 532729877 composite?
False
Is 6971453684